e factors of j?
2
Let s be (-6)/(-10) + 68/20. Suppose 0 = -4*l + s*d + 124, -22 = -2*l - 5*d + 26. Let r = 53 - l. What are the prime factors of r?
2, 3
Suppose 9*w - 2359 = 2*w. Let b = w - 217. List the prime factors of b.
2, 3, 5
List the prime factors of (-216)/54 - 2*-310.
2, 7, 11
Let t(k) = k**3 - 4*k**2 - 7*k + 12. Let m be t(5). Let i be 6/(-21) - (-58)/7. Suppose m*h - 8 = i. What are the prime factors of h?
2
Let r(m) = -20*m**3 + m - 1. Let f be r(1). Suppose -s + 13 = 14. Let x = s - f. What are the prime factors of x?
19
Suppose 35 = -12*d + 7*d. What are the prime factors of (-742)/d*1*2?
2, 53
Suppose -2*h = -h - 2. Suppose 3*w - 31 = h*w. List the prime factors of w.
31
Let r = 961 - 309. List the prime factors of r.
2, 163
Suppose -2*x - 2 = -0*x. What are the prime factors of -12*(2 + -2 + x)?
2, 3
Suppose 0 = -3*s + 5*r + 1045, 0 = 10*s - 12*s + 4*r + 694. What are the prime factors of s?
5, 71
Let a = 16 + -11. Let j(m) = -m + 7. List the prime factors of j(a).
2
Suppose w + 4*w - 40 = 0. Suppose 2*q + 18 - w = 0. Let d(b) = -b**3 - 5*b**2 + 4. List the prime factors of d(q).
2
Let l be ((-42)/(-9) - 4)*-12. Let x = 5 + l. List the prime factors of (1*x)/((-12)/88).
2, 11
Let v(k) = k**2 + 12*k + 13. Let j be v(-11). Let x = 8 - j. Let s = x + -3. List the prime factors of s.
3
Suppose 18*c = 12761 - 647. What are the prime factors of c?
673
Suppose -c + 3 = 5. Let y = 4 + c. What are the prime factors of (-312)/(-51) + y/(-17)?
2, 3
Let k(r) = r**2 - r - 1. Let j(m) = -m**3 + 10*m**2 + 23*m - 4. Let o(i) = j(i) + 3*k(i). List the prime factors of o(14).
7, 11
Suppose 5*y - o - 4 = -4*o, y - 12 = 5*o. Suppose 0 = -2*q - 5*c + 77, 2*c = -4*q + c + 145. List the prime factors of (q/8)/(y/4).
3
Let i(s) = 17 - 4*s**3 + 3*s - 11*s**2 + 2*s**3 - s**3. What are the prime factors of i(-6)?
251
Suppose -492*x = -523*x + 170128. What are the prime factors of x?
2, 7
Suppose 6*i - 2336 = -2*i. What are the prime factors of 18/27 + i/3?
2, 7
Suppose 0 = -4*u + 9 - 29, -420 = -2*o - 4*u. List the prime factors of o.
2, 5, 11
What are the prime factors of (-5 - 5/(-5)) + 320?
2, 79
Let t = -14 + 14. Suppose f - 22 = -t*f + 3*d, -2*f - 4*d = -84. What are the prime factors of f?
2, 17
Let w = 122 + -227. Let u be (2 - 1)*w/(-3). Suppose -u = -4*f + 157. List the prime factors of f.
2, 3
Suppose 0 = -22*s + 19*s + 543. List the prime factors of s.
181
Suppose -3*o + 70 = -2*s, s + 0*o + 36 = 2*o. Let c = 39 + s. What are the prime factors of c?
7
Let f(s) = -12*s - 1. Let c(x) = -x**3 + 5*x**2 + 6*x - 6. Let v be c(6). What are the prime factors of f(v)?
71
Let m be ((-1)/((-2)/(-8)))/(8/(-20)). What are the prime factors of 16/(-20) - (-548)/m?
2, 3
Let u = -520 - -955. List the prime factors of u.
3, 5, 29
Let i = -33 + 47. Let m(c) = c**2 - 10*c - 10. List the prime factors of m(i).
2, 23
Suppose 5*u - 5 = 5*p, -4*u + 4 = -8. Suppose 2*z + 3*f - 219 = 0, -z + f = p*z - 345. Let d = z + -70. What are the prime factors of d?
2, 11
Let w be 52/(-6) + 4/6. Let v = w + 16. Let z = v - -22. What are the prime factors of z?
2, 3, 5
Let h be (5 + -4 - -33)*2. Suppose h - 260 = -3*y. List the prime factors of y.
2
Let l(d) = 11 + 3 - d - 3 + 0*d. Let z be l(8). What are the prime factors of 9/z + 13 + 0?
2
Suppose -2*w + 4*u + 966 = 0, 2*u = -u - 15. What are the prime factors of w?
11, 43
Suppose -2*a = -8*t + 4*t - 194, -a - 4*t = -91. Let y = -52 + a. What are the prime factors of y?
43
List the prime factors of (-2)/(403/(-1203) - (-9)/27).
3, 401
Let u be (1 - (-2 - -1)) + -2 + 5. List the prime factors of -1 - u/(-7) - (-8646)/77.
2, 7
Suppose 4*c + 3 = 71. Let x = 51 - c. What are the prime factors of x?
2, 17
Suppose 123*y - 119*y = -3*k + 8753, 2*y + 14597 = 5*k. What are the prime factors of k?
3, 7, 139
Let j(v) = 10*v**3 - 1. Let g be j(1). Let z(c) = -2*c - 4 - c**2 - 25*c**3 + 4 - g*c**3 - 2. List the prime factors of z(-1).
3, 11
Let o(l) be the first derivative of -l**3/3 - 19*l**2/2 - 14*l - 11. What are the prime factors of o(-16)?
2, 17
Let t = 30 + -30. What are the prime factors of (t + 4 - 4) + 5*23?
5, 23
Let p(f) = -f + 1. Let o be p(-2). Suppose i = 7 - o. Suppose 2*n + 2*v - 20 = 0, -8*n + i*n = v - 49. What are the prime factors of n?
13
Let o(l) = l**2 + 3*l - 1. Let m be o(-6). Suppose 0*x = -x + m. Let r = -15 + x. List the prime factors of r.
2
Suppose -3*g - 5*m + 510 = -3*m, -678 = -4*g - 2*m. Let p be (1 + -2)/((-4)/g). Let x = 59 - p. List the prime factors of x.
17
List the prime factors of (-37542)/(-36) + -7 - (-1)/6.
2, 7, 37
Let r(l) = 5*l - 9*l - 2 - 308*l**3 + l + 0*l. List the prime factors of r(-1).
3, 103
Let r = 548 + 424. List the prime factors of r.
2, 3
Suppose 10*x - 7 = 3*x. Let m = 82 - x. List the prime factors of m.
3
Let u(z) = -11*z. Let v be u(-1). Let b = v - 9. List the prime factors of 14/(-5)*(b - 7).
2, 7
Let l be (-28 + 13)/(6/(-32)). Let q = -61 + l. What are the prime factors of q?
19
Suppose 49 - 4 = 3*d. Let q = 1 - 1. Suppose -h + q + d = 0. List the prime factors of h.
3, 5
Let m = -67 + 330. What are the prime factors of m?
263
Let b(y) = -3*y - 6. Suppose -4*t + t = -4*a + 3, 4*t - 4*a = 0. Let i(n) = n + 2. Let h(v) = t*b(v) + 8*i(v). What are the prime factors of h(-11)?
3
Suppose 0 = 4*g - 3*y - 952, -476 = 4*g - 6*g + 3*y. What are the prime factors of g?
2, 7, 17
Let r(x) = 4*x**3 - 3*x**2 + 1. Let h be r(2). Let j = 4 + h. List the prime factors of j.
5
Let a = -2828 - -7067. List the prime factors of a.
3, 157
Let h = 77 - 74. Suppose -3*a + 3*m - 2*m = -621, -h*m + 217 = a. List the prime factors of a.
2, 13
Suppose 0 = 19*q - 4205 - 507. What are the prime factors of q?
2, 31
List the prime factors of ((-5)/15*3 - 4)*-77.
5, 7, 11
Let l(p) be the third derivative of p**4/6 + 7*p**3/6 + 79*p**2. Let t(w) = w**3 + 5*w**2 - 7*w + 1. Let u be t(-6). What are the prime factors of l(u)?
5, 7
Let c(s) = s**3 - 7*s**2 + 2*s + 10. Let p be c(7). Let m = p - 3. Suppose -i + m = 2*i. What are the prime factors of i?
7
What are the prime factors of 1*1831 - -1*(-9 - -14)?
2, 3, 17
Suppose 0 = -19*z + 4408 + 8740. What are the prime factors of z?
2, 173
Suppose 1396 - 500 = -7*d. Let o = -56 - d. What are the prime factors of o?
2, 3
Suppose 244 - 56 = -2*g. Let d = g - -210. List the prime factors of d.
2, 29
Suppose 0 = -2*m - 35 + 681. What are the prime factors of m?
17, 19
Let s(q) = q**3 - 5*q**2 + 4. Let m be 1 - (0 + -1) - -3. Let f be s(m). Suppose -5*c + 111 + f = 0. List the prime factors of c.
23
Suppose -5*y = -4*j - 230, 77 - 261 = -4*y + 4*j. Let p = 131 - y. What are the prime factors of p?
5, 17
Suppose 50711 = 15*y + 2411. List the prime factors of y.
2, 5, 7, 23
Let r be (-3 - -9) + (0 - 2). Suppose r*t + 1 - 9 = 0. Suppose -4*d = -3*s - 41, t*s = d + 3*s - 12. List the prime factors of d.
11
Suppose a + 4*g = 3199, 5*a - 15950 = -8*g + 3*g. What are the prime factors of a?
3187
Let d(g) = 3*g**2 - 1. Let l be d(1). Suppose l*a - 27 = 103. What are the prime factors of a?
5, 13
What are the prime factors of (-4)/14 - (-11316)/161?
2, 5, 7
Suppose 7*z = 5*u + 4*z - 701, 4*u + 4*z - 548 = 0. Let p = u + -38. What are the prime factors of p?
101
Let z(y) = -y**2 - 11*y + 10. Let k(q) = q**2 + 12*q - 11. Let n(i) = -4*k(i) - 3*z(i). What are the prime factors of n(-15)?
2, 7
List the prime factors of ((-2)/4*-1)/((-15)/(-3090)).
103
Let u(w) = 2*w**2 - w. Let s be u(-1). Suppose -4*o + s*o = 0. Suppose -2*f + 0*f + 88 = o. List the prime factors of f.
2, 11
Suppose 6816 + 4283 = 11*q. List the prime factors of q.
1009
Suppose -3*q - 2*q = -5, -b - 5*q = -123. Suppose 646 + b = 4*i. List the prime factors of i.
191
Let q = -213 + 313. Let s = 184 - q. Suppose 0 = -4*i + 36 + s. List the prime factors of i.
2, 3, 5
Suppose 5*r = 7*r. Suppose v = -r*v + 46. What are the prime factors of v?
2, 23
Suppose -3*r + 36 = -5*k, 2*r - 5*r - 3*k = -12. Suppose 5*f - 13 = r. Suppose -f*a = -0*a - 152. List the prime factors of a.
2, 19
Let a be (0 - 2) + 0 + 1. Suppose 4*x - 45 = -4*r + 375, 0 = -4*r - 20. List the prime factors of ((-3)/a)/(33/x).
2, 5
Let x = 122 + 186. List the prime factors of x.
2, 7, 11
Suppose 39 + 1 = 4*n. Suppose n*o - 13*o = -609. Suppose 0 + 